{"id":31,"date":"2018-11-16T07:34:33","date_gmt":"2018-11-16T07:34:33","guid":{"rendered":"http:\/\/fahrradverleih-brigitte.de\/?page_id=31"},"modified":"2026-03-05T20:06:41","modified_gmt":"2026-03-05T19:06:41","slug":"oeffnungszeiten","status":"publish","type":"page","link":"https:\/\/fahrradverleih-brigitte.de\/?page_id=31","title":{"rendered":"\u00d6ffnungszeiten"},"content":{"rendered":"\n<h1 class=\"wp-block-heading\">Fahrradverleih Brigitte Bad F\u00fcssing<\/h1>\n\n\n\n<h3 class=\"wp-block-heading\">Aktuelle Sommer\u00f6ffnungszeiten f\u00fcr 2026<\/h3>\n\n\n\n<p class=\"has-text-align-left\">\n<table id=\"tablepress-5\" class=\"tablepress tablepress-id-5\">\n<tbody class=\"row-hover\">\n<tr class=\"row-1\">\n\t<td class=\"column-1\"><\/td>\n<\/tr>\n<tr class=\"row-2\">\n\t<td class=\"column-1\"><\/td>\n<\/tr>\n<tr class=\"row-3\">\n\t<td class=\"column-1\"><strong>g\u00fcltig von 01.03.2026 bis 01.11.2026<\/strong><\/td>\n<\/tr>\n<tr class=\"row-4\">\n\t<td class=\"column-1\">t\u00e4glich ge\u00f6ffnet von 09.00 - 13.00 und 15.00 - 18.00 Uhr<\/td>\n<\/tr>\n<tr class=\"row-5\">\n\t<td class=\"column-1\">auch Samstag, Sonn- und Feiertag<\/td>\n<\/tr>\n<\/tbody>\n<\/table>\n<!-- #tablepress-5 from cache --><\/p>\n\n\n\n<hr class=\"wp-block-separator has-css-opacity is-style-wide\"\/>\n\n\n\n<p class=\"has-text-align-center\">Fahrrad-Doppelfahrradverleih Brigitte, Birkenallee 3, 94072 Bad F\u00fcssing Tel. <a href=\"tel: +49 8531 22915\" data-type=\"tel\" data-id=\"tel: +49 8531 22915\">+49 8531\/22915<\/a>, E-mail: <a href=\"mailto:info@fahrradverleih-brigitte.de\">info@fahrradverleih-brigitte.de<\/a><\/p>\n","protected":false},"excerpt":{"rendered":"<p>Fahrradverleih Brigitte Bad F\u00fcssing Aktuelle Sommer\u00f6ffnungszeiten f\u00fcr 2026 Fahrrad-Doppelfahrradverleih Brigitte, Birkenallee 3, 94072 Bad F\u00fcssing Tel. +49 8531\/22915, E-mail: info@fahrradverleih-brigitte.de<\/p>\n","protected":false},"author":1,"featured_media":0,"parent":0,"menu_order":0,"comment_status":"closed","ping_status":"closed","template":"","meta":{"_monsterinsights_skip_tracking":false,"_monsterinsights_sitenote_active":false,"_monsterinsights_sitenote_note":"","_monsterinsights_sitenote_category":0,"ngg_post_thumbnail":0,"footnotes":""},"class_list":["post-31","page","type-page","status-publish","hentry"],"yoast_head":"<!-- This site is optimized with the Yoast SEO plugin v27.4 - https:\/\/yoast.com\/product\/yoast-seo-wordpress\/ -->\n<title>\u00d6ffnungszeiten - Fahrradverleih Brigitte<\/title>\n<meta name=\"robots\" content=\"index, follow, max-snippet:-1, max-image-preview:large, max-video-preview:-1\" \/>\n<link rel=\"canonical\" href=\"https:\/\/fahrradverleih-brigitte.de\/?page_id=31\" \/>\n<meta property=\"og:locale\" content=\"de_DE\" \/>\n<meta property=\"og:type\" content=\"article\" \/>\n<meta property=\"og:title\" content=\"\u00d6ffnungszeiten - Fahrradverleih Brigitte\" \/>\n<meta property=\"og:description\" content=\"Fahrradverleih Brigitte Bad F\u00fcssing Aktuelle Sommer\u00f6ffnungszeiten f\u00fcr 2026 Fahrrad-Doppelfahrradverleih Brigitte, Birkenallee 3, 94072 Bad F\u00fcssing Tel. +49 8531\/22915, E-mail: info@fahrradverleih-brigitte.de\" \/>\n<meta property=\"og:url\" content=\"https:\/\/fahrradverleih-brigitte.de\/?page_id=31\" \/>\n<meta property=\"og:site_name\" content=\"Fahrradverleih Brigitte\" \/>\n<meta property=\"article:modified_time\" content=\"2026-03-05T19:06:41+00:00\" \/>\n<meta name=\"twitter:card\" content=\"summary_large_image\" \/>\n<meta name=\"twitter:label1\" content=\"Gesch\u00e4tzte Lesezeit\" \/>\n\t<meta name=\"twitter:data1\" content=\"1\u00a0Minute\" \/>\n<script type=\"application\/ld+json\" class=\"yoast-schema-graph\">{\"@context\":\"https:\\\/\\\/schema.org\",\"@graph\":[{\"@type\":\"WebPage\",\"@id\":\"https:\\\/\\\/fahrradverleih-brigitte.de\\\/?page_id=31\",\"url\":\"https:\\\/\\\/fahrradverleih-brigitte.de\\\/?page_id=31\",\"name\":\"\u00d6ffnungszeiten - Fahrradverleih Brigitte\",\"isPartOf\":{\"@id\":\"https:\\\/\\\/fahrradverleih-brigitte.de\\\/#website\"},\"datePublished\":\"2018-11-16T07:34:33+00:00\",\"dateModified\":\"2026-03-05T19:06:41+00:00\",\"breadcrumb\":{\"@id\":\"https:\\\/\\\/fahrradverleih-brigitte.de\\\/?page_id=31#breadcrumb\"},\"inLanguage\":\"de\",\"potentialAction\":[{\"@type\":\"ReadAction\",\"target\":[\"https:\\\/\\\/fahrradverleih-brigitte.de\\\/?page_id=31\"]}]},{\"@type\":\"BreadcrumbList\",\"@id\":\"https:\\\/\\\/fahrradverleih-brigitte.de\\\/?page_id=31#breadcrumb\",\"itemListElement\":[{\"@type\":\"ListItem\",\"position\":1,\"name\":\"Startseite\",\"item\":\"https:\\\/\\\/fahrradverleih-brigitte.de\\\/\"},{\"@type\":\"ListItem\",\"position\":2,\"name\":\"\u00d6ffnungszeiten\"}]},{\"@type\":\"WebSite\",\"@id\":\"https:\\\/\\\/fahrradverleih-brigitte.de\\\/#website\",\"url\":\"https:\\\/\\\/fahrradverleih-brigitte.de\\\/\",\"name\":\"Fahrradverleih Brigitte - Doppelfahrr\u00e4der - Fahrr\u00e4der zu g\u00fcnstigen Preisen mieten - Bau von individuellen Doppelfahrr\u00e4ndern\",\"description\":\"Fahrr\u00e4der, Doppelfahrr\u00e4der, E-Bikes Verleih\",\"publisher\":{\"@id\":\"https:\\\/\\\/fahrradverleih-brigitte.de\\\/#organization\"},\"potentialAction\":[{\"@type\":\"SearchAction\",\"target\":{\"@type\":\"EntryPoint\",\"urlTemplate\":\"https:\\\/\\\/fahrradverleih-brigitte.de\\\/?s={search_term_string}\"},\"query-input\":{\"@type\":\"PropertyValueSpecification\",\"valueRequired\":true,\"valueName\":\"search_term_string\"}}],\"inLanguage\":\"de\"},{\"@type\":\"Organization\",\"@id\":\"https:\\\/\\\/fahrradverleih-brigitte.de\\\/#organization\",\"name\":\"Fahrradverleih Brigitte - Doppelfahrr\u00e4der\",\"url\":\"https:\\\/\\\/fahrradverleih-brigitte.de\\\/\",\"logo\":{\"@type\":\"ImageObject\",\"inLanguage\":\"de\",\"@id\":\"https:\\\/\\\/fahrradverleih-brigitte.de\\\/#\\\/schema\\\/logo\\\/image\\\/\",\"url\":\"https:\\\/\\\/fahrradverleih-brigitte.de\\\/wp-content\\\/uploads\\\/2018\\\/11\\\/cropped-cropped-bicycle01_rosa.png\",\"contentUrl\":\"https:\\\/\\\/fahrradverleih-brigitte.de\\\/wp-content\\\/uploads\\\/2018\\\/11\\\/cropped-cropped-bicycle01_rosa.png\",\"width\":250,\"height\":250,\"caption\":\"Fahrradverleih Brigitte - Doppelfahrr\u00e4der\"},\"image\":{\"@id\":\"https:\\\/\\\/fahrradverleih-brigitte.de\\\/#\\\/schema\\\/logo\\\/image\\\/\"}}]}<\/script>\n<!-- \/ Yoast SEO plugin. -->","yoast_head_json":{"title":"\u00d6ffnungszeiten - Fahrradverleih Brigitte","robots":{"index":"index","follow":"follow","max-snippet":"max-snippet:-1","max-image-preview":"max-image-preview:large","max-video-preview":"max-video-preview:-1"},"canonical":"https:\/\/fahrradverleih-brigitte.de\/?page_id=31","og_locale":"de_DE","og_type":"article","og_title":"\u00d6ffnungszeiten - Fahrradverleih Brigitte","og_description":"Fahrradverleih Brigitte Bad F\u00fcssing Aktuelle Sommer\u00f6ffnungszeiten f\u00fcr 2026 Fahrrad-Doppelfahrradverleih Brigitte, Birkenallee 3, 94072 Bad F\u00fcssing Tel. +49 8531\/22915, E-mail: info@fahrradverleih-brigitte.de","og_url":"https:\/\/fahrradverleih-brigitte.de\/?page_id=31","og_site_name":"Fahrradverleih Brigitte","article_modified_time":"2026-03-05T19:06:41+00:00","twitter_card":"summary_large_image","twitter_misc":{"Gesch\u00e4tzte Lesezeit":"1\u00a0Minute"},"schema":{"@context":"https:\/\/schema.org","@graph":[{"@type":"WebPage","@id":"https:\/\/fahrradverleih-brigitte.de\/?page_id=31","url":"https:\/\/fahrradverleih-brigitte.de\/?page_id=31","name":"\u00d6ffnungszeiten - Fahrradverleih Brigitte","isPartOf":{"@id":"https:\/\/fahrradverleih-brigitte.de\/#website"},"datePublished":"2018-11-16T07:34:33+00:00","dateModified":"2026-03-05T19:06:41+00:00","breadcrumb":{"@id":"https:\/\/fahrradverleih-brigitte.de\/?page_id=31#breadcrumb"},"inLanguage":"de","potentialAction":[{"@type":"ReadAction","target":["https:\/\/fahrradverleih-brigitte.de\/?page_id=31"]}]},{"@type":"BreadcrumbList","@id":"https:\/\/fahrradverleih-brigitte.de\/?page_id=31#breadcrumb","itemListElement":[{"@type":"ListItem","position":1,"name":"Startseite","item":"https:\/\/fahrradverleih-brigitte.de\/"},{"@type":"ListItem","position":2,"name":"\u00d6ffnungszeiten"}]},{"@type":"WebSite","@id":"https:\/\/fahrradverleih-brigitte.de\/#website","url":"https:\/\/fahrradverleih-brigitte.de\/","name":"Fahrradverleih Brigitte - Doppelfahrr\u00e4der - Fahrr\u00e4der zu g\u00fcnstigen Preisen mieten - Bau von individuellen Doppelfahrr\u00e4ndern","description":"Fahrr\u00e4der, Doppelfahrr\u00e4der, E-Bikes Verleih","publisher":{"@id":"https:\/\/fahrradverleih-brigitte.de\/#organization"},"potentialAction":[{"@type":"SearchAction","target":{"@type":"EntryPoint","urlTemplate":"https:\/\/fahrradverleih-brigitte.de\/?s={search_term_string}"},"query-input":{"@type":"PropertyValueSpecification","valueRequired":true,"valueName":"search_term_string"}}],"inLanguage":"de"},{"@type":"Organization","@id":"https:\/\/fahrradverleih-brigitte.de\/#organization","name":"Fahrradverleih Brigitte - Doppelfahrr\u00e4der","url":"https:\/\/fahrradverleih-brigitte.de\/","logo":{"@type":"ImageObject","inLanguage":"de","@id":"https:\/\/fahrradverleih-brigitte.de\/#\/schema\/logo\/image\/","url":"https:\/\/fahrradverleih-brigitte.de\/wp-content\/uploads\/2018\/11\/cropped-cropped-bicycle01_rosa.png","contentUrl":"https:\/\/fahrradverleih-brigitte.de\/wp-content\/uploads\/2018\/11\/cropped-cropped-bicycle01_rosa.png","width":250,"height":250,"caption":"Fahrradverleih Brigitte - Doppelfahrr\u00e4der"},"image":{"@id":"https:\/\/fahrradverleih-brigitte.de\/#\/schema\/logo\/image\/"}}]}},"_links":{"self":[{"href":"https:\/\/fahrradverleih-brigitte.de\/index.php?rest_route=\/wp\/v2\/pages\/31","targetHints":{"allow":["GET"]}}],"collection":[{"href":"https:\/\/fahrradverleih-brigitte.de\/index.php?rest_route=\/wp\/v2\/pages"}],"about":[{"href":"https:\/\/fahrradverleih-brigitte.de\/index.php?rest_route=\/wp\/v2\/types\/page"}],"author":[{"embeddable":true,"href":"https:\/\/fahrradverleih-brigitte.de\/index.php?rest_route=\/wp\/v2\/users\/1"}],"replies":[{"embeddable":true,"href":"https:\/\/fahrradverleih-brigitte.de\/index.php?rest_route=%2Fwp%2Fv2%2Fcomments&post=31"}],"version-history":[{"count":17,"href":"https:\/\/fahrradverleih-brigitte.de\/index.php?rest_route=\/wp\/v2\/pages\/31\/revisions"}],"predecessor-version":[{"id":517,"href":"https:\/\/fahrradverleih-brigitte.de\/index.php?rest_route=\/wp\/v2\/pages\/31\/revisions\/517"}],"wp:attachment":[{"href":"https:\/\/fahrradverleih-brigitte.de\/index.php?rest_route=%2Fwp%2Fv2%2Fmedia&parent=31"}],"curies":[{"name":"wp","href":"https:\/\/api.w.org\/{rel}","templated":true}]}}

Öffnungszeiten

<h1 class="wp-block-heading">Fahrradverleih Brigitte Bad Füssing</h1>



<h3 class="wp-block-heading">Aktuelle Sommeröffnungszeiten für 2026</h3>



<p class="has-text-align-left">
<table id="tablepress-5" class="tablepress tablepress-id-5">
<tbody class="row-hover">
<tr class="row-1">
	<td class="column-1"></td>
</tr>
<tr class="row-2">
	<td class="column-1"></td>
</tr>
<tr class="row-3">
	<td class="column-1"><strong>gültig von 01.03.2026 bis 01.11.2026</strong></td>
</tr>
<tr class="row-4">
	<td class="column-1">täglich geöffnet von 09.00 - 13.00 und 15.00 - 18.00 Uhr</td>
</tr>
<tr class="row-5">
	<td class="column-1">auch Samstag, Sonn- und Feiertag</td>
</tr>
</tbody>
</table>
<!-- #tablepress-5 from cache --></p>



<hr class="wp-block-separator has-css-opacity is-style-wide"/>



<p class="has-text-align-center">Fahrrad-Doppelfahrradverleih Brigitte, Birkenallee 3, 94072 Bad Füssing Tel. <a href="tel: +49 8531 22915" data-type="tel" data-id="tel: +49 8531 22915">+49 8531/22915</a>, E-mail: <a href="mailto:info@fahrradverleih-brigitte.de">info@fahrradverleih-brigitte.de</a></p>

<p>Fahrradverleih Brigitte Bad Füssing Aktuelle Sommeröffnungszeiten für 2026 Fahrrad-Doppelfahrradverleih Brigitte, Birkenallee 3, 94072 Bad Füssing Tel. +49 8531/22915, E-mail: info@fahrradverleih-brigitte.de</p>

<!-- This site is optimized with the Yoast SEO plugin v27.4 - https://yoast.com/product/yoast-seo-wordpress/ -->
<title>Öffnungszeiten - Fahrradverleih Brigitte</title>
<meta name="robots" content="index, follow, max-snippet:-1, max-image-preview:large, max-video-preview:-1" />
<link rel="canonical" href="https://fahrradverleih-brigitte.de/?page_id=31" />
<meta property="og:locale" content="de_DE" />
<meta property="og:type" content="article" />
<meta property="og:title" content="Öffnungszeiten - Fahrradverleih Brigitte" />
<meta property="og:description" content="Fahrradverleih Brigitte Bad Füssing Aktuelle Sommeröffnungszeiten für 2026 Fahrrad-Doppelfahrradverleih Brigitte, Birkenallee 3, 94072 Bad Füssing Tel. +49 8531/22915, E-mail: info@fahrradverleih-brigitte.de" />
<meta property="og:url" content="https://fahrradverleih-brigitte.de/?page_id=31" />
<meta property="og:site_name" content="Fahrradverleih Brigitte" />
<meta property="article:modified_time" content="2026-03-05T19:06:41+00:00" />
<meta name="twitter:card" content="summary_large_image" />
<meta name="twitter:label1" content="Geschätzte Lesezeit" />
	<meta name="twitter:data1" content="1 Minute" />
<script type="application/ld+json" class="yoast-schema-graph">{"@context":"https:\/\/schema.org","@graph":[{"@type":"WebPage","@id":"https:\/\/fahrradverleih-brigitte.de\/?page_id=31","url":"https:\/\/fahrradverleih-brigitte.de\/?page_id=31","name":"Öffnungszeiten - Fahrradverleih Brigitte","isPartOf":{"@id":"https:\/\/fahrradverleih-brigitte.de\/#website"},"datePublished":"2018-11-16T07:34:33+00:00","dateModified":"2026-03-05T19:06:41+00:00","breadcrumb":{"@id":"https:\/\/fahrradverleih-brigitte.de\/?page_id=31#breadcrumb"},"inLanguage":"de","potentialAction":[{"@type":"ReadAction","target":["https:\/\/fahrradverleih-brigitte.de\/?page_id=31"]}]},{"@type":"BreadcrumbList","@id":"https:\/\/fahrradverleih-brigitte.de\/?page_id=31#breadcrumb","itemListElement":[{"@type":"ListItem","position":1,"name":"Startseite","item":"https:\/\/fahrradverleih-brigitte.de\/"},{"@type":"ListItem","position":2,"name":"Öffnungszeiten"}]},{"@type":"WebSite","@id":"https:\/\/fahrradverleih-brigitte.de\/#website","url":"https:\/\/fahrradverleih-brigitte.de\/","name":"Fahrradverleih Brigitte - Doppelfahrräder - Fahrräder zu günstigen Preisen mieten - Bau von individuellen Doppelfahrrändern","description":"Fahrräder, Doppelfahrräder, E-Bikes Verleih","publisher":{"@id":"https:\/\/fahrradverleih-brigitte.de\/#organization"},"potentialAction":[{"@type":"SearchAction","target":{"@type":"EntryPoint","urlTemplate":"https:\/\/fahrradverleih-brigitte.de\/?s={search_term_string}"},"query-input":{"@type":"PropertyValueSpecification","valueRequired":true,"valueName":"search_term_string"}}],"inLanguage":"de"},{"@type":"Organization","@id":"https:\/\/fahrradverleih-brigitte.de\/#organization","name":"Fahrradverleih Brigitte - Doppelfahrräder","url":"https:\/\/fahrradverleih-brigitte.de\/","logo":{"@type":"ImageObject","inLanguage":"de","@id":"https:\/\/fahrradverleih-brigitte.de\/#\/schema\/logo\/image\/","url":"https:\/\/fahrradverleih-brigitte.de\/wp-content\/uploads\/2018\/11\/cropped-cropped-bicycle01_rosa.png","contentUrl":"https:\/\/fahrradverleih-brigitte.de\/wp-content\/uploads\/2018\/11\/cropped-cropped-bicycle01_rosa.png","width":250,"height":250,"caption":"Fahrradverleih Brigitte - Doppelfahrräder"},"image":{"@id":"https:\/\/fahrradverleih-brigitte.de\/#\/schema\/logo\/image\/"}}]}</script>
<!-- / Yoast SEO plugin. -->

Öffnungszeiten - Fahrradverleih Brigitte

Fahrradverleih Brigitte Bad Füssing Aktuelle Sommeröffnungszeiten für 2026 Fahrrad-Doppelfahrradverleih Brigitte, Birkenallee 3, 94072 Bad Füssing Tel. +49 8531/22915, E-mail: info@fahrradverleih-brigitte.de

Fahrradverleih Brigitte - Doppelfahrräder - Fahrräder zu günstigen Preisen mieten - Bau von individuellen Doppelfahrrändern

Fahrräder, Doppelfahrräder, E-Bikes Verleih

Fahrradverleih Brigitte - Doppelfahrräder
